{"id":1303,"date":"2021-01-22T14:08:29","date_gmt":"2021-01-22T14:08:29","guid":{"rendered":"http:\/\/salidecambrils.cat\/informacio-del-recorregut\/"},"modified":"2025-05-08T11:49:45","modified_gmt":"2025-05-08T11:49:45","slug":"informacio-del-recorregut","status":"publish","type":"page","link":"https:\/\/salidecambrils.cat\/es\/informacio-del-recorregut\/","title":{"rendered":"Informaci\u00f3n del Recorrido"},"content":{"rendered":"<div class=\"section-full-width section-light2\" style=\"background-color:#ffffff;\" id=\"sal\u00eddecambrils\"><div class=\"section-boxed\" style=\"color:#777777;\"><h2 class=\"section-title\" style=\"color:#252525;\">Sal\u00ed de Cambrils<\/h2><\/p>\n<h5 style=\"text-align: center;\">Esta ventana cultural al pasado estar\u00e1 abierta a todos los visitantes que quieran adentrarse en la aventura de la historia en primera persona. Para ello, podr\u00e1n realizar visitas tanto a t\u00edtulo individual como en grupos (de un m\u00ednimo de 4 personas hasta un m\u00e1ximo de 30), y tambi\u00e9n organizar excursiones escolares des de primaria hasta bachillerato. Una vez en el complejo del Sal\u00ed, habr\u00e1 que pasar primero por la tienda del Sal\u00ed de Cambrils para registrar la visita. El recorrido se lleva a cabo por caminos con desniveles y escaleras , por eso es recomendable equiparse con un calzado c\u00f3modo y adecuado.<\/h5>\n<p>&nbsp;<\/p>\n<p style=\"text-align:center !important;\">\n<a href=\"https:\/\/fareharbor.com\/embeds\/book\/salidecambrils\/?full-items=yes\" style=\"font-size:1.3em !important; font-weight: 400 !important; text-decoration:none !important; margin-bottom: 2em !important;letter-spacing: .7px !important; box-shadow:none !important; padding: .2em 2em !important;\" class=\"fh-button-true-flat-grey fh-color--white\">RESERVA AHORA<\/a>\n<\/p>\n<div class=\"services-wrapper services-boxed-photo cols-wrapper cols-3\"><div class=\"services-box col\"><div class=\"img-container\"><img decoding=\"async\" src=\"http:\/\/salidecambrils.cat\/wp-content\/uploads\/2021\/03\/recorregut_salidecambrils2.jpg\" alt=\"La mejor forma\"\/><\/div><div class=\"services-content\"><div class=\"sc-wraper\"><h3>La mejor forma<\/h3><p>de aprovechar el paseo por el Sal\u00ed es contar con la asistencia de uno de nuestros gu\u00edas. La programaci\u00f3n de las visitas guiadas, pone a su disposici\u00f3n las mismas a las 11 h y a las 16 h. Las excursiones programadas tendr\u00e1n su propio horario a concertar previamente con la organizaci\u00f3n del Sal\u00ed.<\/p><\/div><\/div><\/div><div class=\"services-box col\"><div class=\"img-container\"><img decoding=\"async\" src=\"http:\/\/salidecambrils.cat\/wp-content\/uploads\/2021\/03\/recorregut_salidecambrils.jpg\" alt=\"El paseo guiado\"\/><\/div><div class=\"services-content\"><div class=\"sc-wraper\"><h3>El paseo guiado<\/h3><p>tiene una duraci\u00f3n aproximada de 1,5 horas, durante las cuales se visitar\u00e1 todo el complejo para conocer a fondo su uso hist\u00f3rico y contemplar las instalaciones, ahora completamente restauradas. <\/p><\/div><\/div><\/div><div class=\"services-box col nomargin\"><div class=\"img-container\"><img decoding=\"async\" src=\"http:\/\/salidecambrils.cat\/wp-content\/uploads\/2021\/03\/recorregut_6.jpg\" alt=\"Desarrollar las ense\u00f1anzas\"\/><\/div><div class=\"services-content\"><div class=\"sc-wraper\"><h3>Desarrollar las ense\u00f1anzas<\/h3><p>proporcionados por el gu\u00eda y los puntos informativos distribuidos a lo largo de todo el complejo. El centro est\u00e1 equipado con los elementos  esenciales.<\/p><\/div><\/div><\/div><div class=\"clear\"><\/div><\/div>\n<p>\n<\/div><\/div>\n<div class=\"section-full-width section-light2\" style=\"background-color:#fbfbfb;\" id=\"elrecorrido\"><div class=\"section-boxed\" style=\"color:#777777;\"><h2 class=\"section-title\" style=\"color:#252525;\">El Recorrido<\/h2><\/p>\n<p>&nbsp;<\/p>\n<div class=\"services-wrapper services-boxed-photo cols-wrapper cols-3\"><div class=\"services-box col\"><div class=\"img-container\"><img decoding=\"async\" src=\"http:\/\/salidecambrils.cat\/wp-content\/uploads\/2021\/03\/recorregut_3.jpg\" alt=\"En primer lugar\"\/><\/div><div class=\"services-content\"><div class=\"sc-wraper\"><h3>En primer lugar<\/h3><p>llegar\u00e1 al molino pelador, que mol\u00eda el grano del cereal cultivado en las proximidades y destinado al consumo humano. M\u00e1s adelante encontraremos el molino de pienso, la funci\u00f3n era moler el que ser\u00eda el alimento del ganado estabulado igualmente en las cercan\u00edas. Finalmente, el molino pelador de grano destinado al consumo humano.<\/p><\/div><\/div><\/div><div class=\"services-box col\"><div class=\"img-container\"><img decoding=\"async\" src=\"http:\/\/salidecambrils.cat\/wp-content\/uploads\/2021\/03\/recorregut_4.jpg\" alt=\"A grandes rasgos,\"\/><\/div><div class=\"services-content\"><div class=\"sc-wraper\"><h3>A grandes rasgos,<\/h3><p>todos estos mecanismos se basan en el aprovechamiento de la fuerza del agua de una balsa o r\u00edo para mover una serie de ingeniosos mecanismos que permit\u00edan moler el grano colocado entre dos piedras de gran tama\u00f1o. En esta secci\u00f3n del recinto podremos visitar tambi\u00e9n el almac\u00e9n del Sal\u00ed y su  molino de sal que sigue en activo.<\/p><\/div><\/div><\/div><div class=\"services-box col nomargin\"><div class=\"img-container\"><img decoding=\"async\" src=\"http:\/\/salidecambrils.cat\/wp-content\/uploads\/2021\/03\/recorregut_5.jpg\" alt=\"Ese mismo\"\/><\/div><div class=\"services-content\"><div class=\"sc-wraper\"><h3>Ese mismo<\/h3><p>salto de agua era aprovechado antiguamente para generar tambi\u00e9n la energ\u00eda el\u00e9ctrica en todo el recinto, gracias a un generador. A la vuelta de esta secci\u00f3n, subiremos por otro camino hacia el mirador, dominando desde la zona m\u00e1s alta todo el paisaje del recinto al completo, ofreciendo unas vistas privilegiadas al visitante.<\/p><\/div><\/div><\/div><div class=\"clear\"><\/div><\/div>\n<p>\n<\/div><\/div>\n","protected":false},"excerpt":{"rendered":"","protected":false},"author":1,"featured_media":0,"parent":0,"menu_order":0,"comment_status":"open","ping_status":"closed","template":"template-full-custom.php","meta":{"footnotes":""},"class_list":["post-1303","page","type-page","status-publish","hentry"],"yoast_head":"<!-- This site is optimized with the Yoast SEO plugin v16.0 - https:\/\/yoast.com\/wordpress\/plugins\/seo\/ -->\n<title>El Sal\u00ed de Cambrils \u00b7 Informaci\u00f3n Recorrido \u00b7 Tu escapada perfecta<\/title>\n<meta name=\"description\" content=\"El Sal\u00ed de Cambrils \u00b7 Informaci\u00f3n Recorrido \u00b7 Tu esacapada perfecto \u00b7 Podr\u00e1n realizar visitas tanto a t\u00edtulo individual como en grupos.\" \/>\n<link rel=\"canonical\" href=\"https:\/\/salidecambrils.cat\/es\/informacio-del-recorregut\/\" \/>\n<meta property=\"og:locale\" content=\"es_ES\" \/>\n<meta property=\"og:type\" content=\"article\" \/>\n<meta property=\"og:title\" content=\"El Sal\u00ed de Cambrils \u00b7 Informaci\u00f3n Recorrido \u00b7 Tu escapada perfecta\" \/>\n<meta property=\"og:description\" content=\"El Sal\u00ed de Cambrils \u00b7 Informaci\u00f3n Recorrido \u00b7 Tu esacapada perfecto \u00b7 Podr\u00e1n realizar visitas tanto a t\u00edtulo individual como en grupos.\" \/>\n<meta property=\"og:url\" content=\"https:\/\/salidecambrils.cat\/es\/informacio-del-recorregut\/\" \/>\n<meta property=\"og:site_name\" content=\"El Sal\u00ed de Cambrils \u00b7 Banya&#039;t amb l&#039;energia dels Pirineus\" \/>\n<meta property=\"article:modified_time\" content=\"2025-05-08T11:49:45+00:00\" \/>\n<meta name=\"twitter:card\" content=\"summary_large_image\" \/>\n<meta name=\"twitter:label1\" content=\"Tiempo de lectura\">\n\t<meta name=\"twitter:data1\" content=\"1 minuto\">\n<script type=\"application\/ld+json\" class=\"yoast-schema-graph\">{\"@context\":\"https:\/\/schema.org\",\"@graph\":[{\"@type\":\"WebSite\",\"@id\":\"http:\/\/salidecambrils.cat\/es\/#website\",\"url\":\"http:\/\/salidecambrils.cat\/es\/\",\"name\":\"El Sal\\u00ed de Cambrils \\u00b7 Banya&#039;t amb l&#039;energia dels Pirineus\",\"description\":\"La teva escapada de cap de setmana perfecte, en fam\\u00edlia, amb amics o en parella.\",\"potentialAction\":[{\"@type\":\"SearchAction\",\"target\":\"http:\/\/salidecambrils.cat\/es\/?s={search_term_string}\",\"query-input\":\"required name=search_term_string\"}],\"inLanguage\":\"es\"},{\"@type\":\"WebPage\",\"@id\":\"https:\/\/salidecambrils.cat\/es\/informacio-del-recorregut\/#webpage\",\"url\":\"https:\/\/salidecambrils.cat\/es\/informacio-del-recorregut\/\",\"name\":\"El Sal\\u00ed de Cambrils \\u00b7 Informaci\\u00f3n Recorrido \\u00b7 Tu escapada perfecta\",\"isPartOf\":{\"@id\":\"http:\/\/salidecambrils.cat\/es\/#website\"},\"datePublished\":\"2021-01-22T14:08:29+00:00\",\"dateModified\":\"2025-05-08T11:49:45+00:00\",\"description\":\"El Sal\\u00ed de Cambrils \\u00b7 Informaci\\u00f3n Recorrido \\u00b7 Tu esacapada perfecto \\u00b7 Podr\\u00e1n realizar visitas tanto a t\\u00edtulo individual como en grupos.\",\"breadcrumb\":{\"@id\":\"https:\/\/salidecambrils.cat\/es\/informacio-del-recorregut\/#breadcrumb\"},\"inLanguage\":\"es\",\"potentialAction\":[{\"@type\":\"ReadAction\",\"target\":[\"https:\/\/salidecambrils.cat\/es\/informacio-del-recorregut\/\"]}]},{\"@type\":\"BreadcrumbList\",\"@id\":\"https:\/\/salidecambrils.cat\/es\/informacio-del-recorregut\/#breadcrumb\",\"itemListElement\":[{\"@type\":\"ListItem\",\"position\":1,\"item\":{\"@type\":\"WebPage\",\"@id\":\"http:\/\/salidecambrils.cat\/es\/\",\"url\":\"http:\/\/salidecambrils.cat\/es\/\",\"name\":\"Portada\"}},{\"@type\":\"ListItem\",\"position\":2,\"item\":{\"@type\":\"WebPage\",\"@id\":\"https:\/\/salidecambrils.cat\/es\/informacio-del-recorregut\/\",\"url\":\"https:\/\/salidecambrils.cat\/es\/informacio-del-recorregut\/\",\"name\":\"Informaci\\u00f3n del Recorrido\"}}]}]}<\/script>\n<!-- \/ Yoast SEO plugin. -->","_links":{"self":[{"href":"https:\/\/salidecambrils.cat\/es\/wp-json\/wp\/v2\/pages\/1303","targetHints":{"allow":["GET"]}}],"collection":[{"href":"https:\/\/salidecambrils.cat\/es\/wp-json\/wp\/v2\/pages"}],"about":[{"href":"https:\/\/salidecambrils.cat\/es\/wp-json\/wp\/v2\/types\/page"}],"author":[{"embeddable":true,"href":"https:\/\/salidecambrils.cat\/es\/wp-json\/wp\/v2\/users\/1"}],"replies":[{"embeddable":true,"href":"https:\/\/salidecambrils.cat\/es\/wp-json\/wp\/v2\/comments?post=1303"}],"version-history":[{"count":8,"href":"https:\/\/salidecambrils.cat\/es\/wp-json\/wp\/v2\/pages\/1303\/revisions"}],"predecessor-version":[{"id":2279,"href":"https:\/\/salidecambrils.cat\/es\/wp-json\/wp\/v2\/pages\/1303\/revisions\/2279"}],"wp:attachment":[{"href":"https:\/\/salidecambrils.cat\/es\/wp-json\/wp\/v2\/media?parent=1303"}],"curies":[{"name":"wp","href":"https:\/\/api.w.org\/{rel}","templated":true}]}}

Información del Recorrido

<div class="section-full-width section-light2" style="background-color:#ffffff;" id="salídecambrils"><div class="section-boxed" style="color:#777777;"><h2 class="section-title" style="color:#252525;">Salí de Cambrils</h2></p>
<h5 style="text-align: center;">Esta ventana cultural al pasado estará abierta a todos los visitantes que quieran adentrarse en la aventura de la historia en primera persona. Para ello, podrán realizar visitas tanto a título individual como en grupos (de un mínimo de 4 personas hasta un máximo de 30), y también organizar excursiones escolares des de primaria hasta bachillerato. Una vez en el complejo del Salí, habrá que pasar primero por la tienda del Salí de Cambrils para registrar la visita. El recorrido se lleva a cabo por caminos con desniveles y escaleras , por eso es recomendable equiparse con un calzado cómodo y adecuado.</h5>
<p>&nbsp;</p>
<p style="text-align:center !important;">
<a href="https://fareharbor.com/embeds/book/salidecambrils/?full-items=yes" style="font-size:1.3em !important; font-weight: 400 !important; text-decoration:none !important; margin-bottom: 2em !important;letter-spacing: .7px !important; box-shadow:none !important; padding: .2em 2em !important;" class="fh-button-true-flat-grey fh-color--white">RESERVA AHORA</a>
</p>
<div class="services-wrapper services-boxed-photo cols-wrapper cols-3"><div class="services-box col"><div class="img-container"><img decoding="async" src="http://salidecambrils.cat/wp-content/uploads/2021/03/recorregut_salidecambrils2.jpg" alt="La mejor forma"/></div><div class="services-content"><div class="sc-wraper"><h3>La mejor forma</h3><p>de aprovechar el paseo por el Salí es contar con la asistencia de uno de nuestros guías. La programación de las visitas guiadas, pone a su disposición las mismas a las 11 h y a las 16 h. Las excursiones programadas tendrán su propio horario a concertar previamente con la organización del Salí.</p></div></div></div><div class="services-box col"><div class="img-container"><img decoding="async" src="http://salidecambrils.cat/wp-content/uploads/2021/03/recorregut_salidecambrils.jpg" alt="El paseo guiado"/></div><div class="services-content"><div class="sc-wraper"><h3>El paseo guiado</h3><p>tiene una duración aproximada de 1,5 horas, durante las cuales se visitará todo el complejo para conocer a fondo su uso histórico y contemplar las instalaciones, ahora completamente restauradas. </p></div></div></div><div class="services-box col nomargin"><div class="img-container"><img decoding="async" src="http://salidecambrils.cat/wp-content/uploads/2021/03/recorregut_6.jpg" alt="Desarrollar las enseñanzas"/></div><div class="services-content"><div class="sc-wraper"><h3>Desarrollar las enseñanzas</h3><p>proporcionados por el guía y los puntos informativos distribuidos a lo largo de todo el complejo. El centro está equipado con los elementos  esenciales.</p></div></div></div><div class="clear"></div></div>
<p>
</div></div>
<div class="section-full-width section-light2" style="background-color:#fbfbfb;" id="elrecorrido"><div class="section-boxed" style="color:#777777;"><h2 class="section-title" style="color:#252525;">El Recorrido</h2></p>
<p>&nbsp;</p>
<div class="services-wrapper services-boxed-photo cols-wrapper cols-3"><div class="services-box col"><div class="img-container"><img decoding="async" src="http://salidecambrils.cat/wp-content/uploads/2021/03/recorregut_3.jpg" alt="En primer lugar"/></div><div class="services-content"><div class="sc-wraper"><h3>En primer lugar</h3><p>llegará al molino pelador, que molía el grano del cereal cultivado en las proximidades y destinado al consumo humano. Más adelante encontraremos el molino de pienso, la función era moler el que sería el alimento del ganado estabulado igualmente en las cercanías. Finalmente, el molino pelador de grano destinado al consumo humano.</p></div></div></div><div class="services-box col"><div class="img-container"><img decoding="async" src="http://salidecambrils.cat/wp-content/uploads/2021/03/recorregut_4.jpg" alt="A grandes rasgos,"/></div><div class="services-content"><div class="sc-wraper"><h3>A grandes rasgos,</h3><p>todos estos mecanismos se basan en el aprovechamiento de la fuerza del agua de una balsa o río para mover una serie de ingeniosos mecanismos que permitían moler el grano colocado entre dos piedras de gran tamaño. En esta sección del recinto podremos visitar también el almacén del Salí y su  molino de sal que sigue en activo.</p></div></div></div><div class="services-box col nomargin"><div class="img-container"><img decoding="async" src="http://salidecambrils.cat/wp-content/uploads/2021/03/recorregut_5.jpg" alt="Ese mismo"/></div><div class="services-content"><div class="sc-wraper"><h3>Ese mismo</h3><p>salto de agua era aprovechado antiguamente para generar también la energía eléctrica en todo el recinto, gracias a un generador. A la vuelta de esta sección, subiremos por otro camino hacia el mirador, dominando desde la zona más alta todo el paisaje del recinto al completo, ofreciendo unas vistas privilegiadas al visitante.</p></div></div></div><div class="clear"></div></div>
<p>
</div></div>

<!-- This site is optimized with the Yoast SEO plugin v16.0 - https://yoast.com/wordpress/plugins/seo/ -->
<title>El Salí de Cambrils · Información Recorrido · Tu escapada perfecta</title>
<meta name="description" content="El Salí de Cambrils · Información Recorrido · Tu esacapada perfecto · Podrán realizar visitas tanto a título individual como en grupos." />
<link rel="canonical" href="https://salidecambrils.cat/es/informacio-del-recorregut/" />
<meta property="og:locale" content="es_ES" />
<meta property="og:type" content="article" />
<meta property="og:title" content="El Salí de Cambrils · Información Recorrido · Tu escapada perfecta" />
<meta property="og:description" content="El Salí de Cambrils · Información Recorrido · Tu esacapada perfecto · Podrán realizar visitas tanto a título individual como en grupos." />
<meta property="og:url" content="https://salidecambrils.cat/es/informacio-del-recorregut/" />
<meta property="og:site_name" content="El Salí de Cambrils · Banya&#039;t amb l&#039;energia dels Pirineus" />
<meta property="article:modified_time" content="2025-05-08T11:49:45+00:00" />
<meta name="twitter:card" content="summary_large_image" />
<meta name="twitter:label1" content="Tiempo de lectura">
	<meta name="twitter:data1" content="1 minuto">
<script type="application/ld+json" class="yoast-schema-graph">{"@context":"https://schema.org","@graph":[{"@type":"WebSite","@id":"http://salidecambrils.cat/es/#website","url":"http://salidecambrils.cat/es/","name":"El Sal\u00ed de Cambrils \u00b7 Banya&#039;t amb l&#039;energia dels Pirineus","description":"La teva escapada de cap de setmana perfecte, en fam\u00edlia, amb amics o en parella.","potentialAction":[{"@type":"SearchAction","target":"http://salidecambrils.cat/es/?s={search_term_string}","query-input":"required name=search_term_string"}],"inLanguage":"es"},{"@type":"WebPage","@id":"https://salidecambrils.cat/es/informacio-del-recorregut/#webpage","url":"https://salidecambrils.cat/es/informacio-del-recorregut/","name":"El Sal\u00ed de Cambrils \u00b7 Informaci\u00f3n Recorrido \u00b7 Tu escapada perfecta","isPartOf":{"@id":"http://salidecambrils.cat/es/#website"},"datePublished":"2021-01-22T14:08:29+00:00","dateModified":"2025-05-08T11:49:45+00:00","description":"El Sal\u00ed de Cambrils \u00b7 Informaci\u00f3n Recorrido \u00b7 Tu esacapada perfecto \u00b7 Podr\u00e1n realizar visitas tanto a t\u00edtulo individual como en grupos.","breadcrumb":{"@id":"https://salidecambrils.cat/es/informacio-del-recorregut/#breadcrumb"},"inLanguage":"es","potentialAction":[{"@type":"ReadAction","target":["https://salidecambrils.cat/es/informacio-del-recorregut/"]}]},{"@type":"BreadcrumbList","@id":"https://salidecambrils.cat/es/informacio-del-recorregut/#breadcrumb","itemListElement":[{"@type":"ListItem","position":1,"item":{"@type":"WebPage","@id":"http://salidecambrils.cat/es/","url":"http://salidecambrils.cat/es/","name":"Portada"}},{"@type":"ListItem","position":2,"item":{"@type":"WebPage","@id":"https://salidecambrils.cat/es/informacio-del-recorregut/","url":"https://salidecambrils.cat/es/informacio-del-recorregut/","name":"Informaci\u00f3n del Recorrido"}}]}]}</script>
<!-- / Yoast SEO plugin. -->
