{"id":1371,"date":"2021-01-22T16:47:36","date_gmt":"2021-01-22T16:47:36","guid":{"rendered":"http:\/\/salidecambrils.cat\/localitzacio\/"},"modified":"2023-07-10T08:21:04","modified_gmt":"2023-07-10T08:21:04","slug":"localitzacio","status":"publish","type":"page","link":"https:\/\/salidecambrils.cat\/es\/localitzacio\/","title":{"rendered":"Localizaci\u00f3n"},"content":{"rendered":"<div class=\"services-wrapper services-icon cols-wrapper cols-4 pexeto-parallax\"><div class=\"services-box col\"><div class=\"img-container\"><img decoding=\"async\" src=\"http:\/\/salidecambrils.cat\/wp-content\/uploads\/2021\/03\/localitzacio_-35-130x130-1-130x130.png\" alt=\"Cambrils (Od\u00e8n), Comarca del Solson\u00e8s (Lleida)\"\/><\/div><div class=\"services-content\"><div class=\"sc-wraper\"><h3>Cambrils (Od\u00e8n), Comarca del Solson\u00e8s (Lleida)<\/h3><\/div><\/div><\/div><div class=\"services-box col\"><div class=\"img-container\"><img decoding=\"async\" src=\"http:\/\/salidecambrils.cat\/wp-content\/uploads\/2021\/03\/localitzacio_-36-130x130-1-130x130.png\" alt=\"km.20 Carretera L-0401 (25283 Od\u00e8n, Lleida)\"\/><\/div><div class=\"services-content\"><div class=\"sc-wraper\"><h3>km.20 Carretera L-0401 (25283 Od\u00e8n, Lleida)<\/h3><\/div><\/div><\/div><div class=\"services-box col\"><div class=\"img-container\"><img decoding=\"async\" src=\"http:\/\/salidecambrils.cat\/wp-content\/uploads\/2021\/03\/localitzacio_-34-130x130-1-130x130.png\" alt=\"Coordenadas: 42.132813, 1.392568\"\/><\/div><div class=\"services-content\"><div class=\"sc-wraper\"><h3>Coordenadas: 42.132813, 1.392568<\/h3><\/div><\/div><\/div><div class=\"services-box col nomargin\"><div class=\"img-container\"><img decoding=\"async\" src=\"http:\/\/salidecambrils.cat\/wp-content\/uploads\/2023\/07\/DiseA\u00b1o_sin_tA\u00adtulo-removebg-preview-130x130.png\" alt=\"Indicaciones incorrectas de google \"\/><\/div><div class=\"services-content\"><div class=\"sc-wraper\"><h3>Indicaciones incorrectas de google <\/h3><p>No coger el camino de Cal Bartol\u00f3 que gira a la derecha ,  continuar por la carretera principal y encontrareis un indicador de las salinas.\r\nEl camino de cal Bartolo no es transitable , se puede averiar el coche.<\/p><\/div><\/div><\/div><div class=\"clear\"><\/div><\/div>\n<div class=\"section-full-width section-light2\" style=\"background-color:#fcfcfc;\" id=\"sal\u00eddecambrils\"><div class=\"section-boxed\" style=\"color:#777777;\"><h2 class=\"section-title\" style=\"color:#252525;\">Sal\u00ed de Cambrils<\/h2><h4 style=\"color:#252525;\" class=\"sub-title\">Planifica tu escapada<\/h4><\/p>\n<h5 style=\"text-align: center;\">El n\u00facleo de Cambrils se localiza en el t\u00e9rmino municipal de Od\u00e8n, en el extremo noroccidental de la comarca del Solsones, en la vertiente sur de la Sierra del Port del Comte. Se encuentra a 1.100 m. de altitud y se caracteriza por rodearse de un territorio monta\u00f1oso con diferentes afluentes de la cabecera de la Ribera Salada, el r\u00edo de la Plana, la ribera de Od\u00e8n y el r\u00edo de Canalda. El complejo del Sal\u00ed esta en el km.20 de la carretera L-0401 (25283 Od\u00e8n, Lleida) y sus coordenadas para introducir en el navegador GPS del veh\u00edculo son: 42.132813, 1.392568<\/h5>\n<p>&nbsp;<\/p>\n<p><img loading=\"lazy\" decoding=\"async\" src=\"data:image\/gif;base64,R0lGODlhAQABAIAAAAAAAP\/\/\/yH5BAEAAAAALAAAAAABAAEAAAIBRAA7\" data-wp-preserve=\"%3Cstyle%3E%0A%20%20%20%20.google-maps%20%7B%3Cbr%20%2F%3E%20%20%20%20%20%20%20%20position%3A%20relative%3B%3Cbr%20%2F%3E%20%20%20%20%20%20%20%20padding-bottom%3A%2035%25%3B%3Cbr%20%2F%3E%20%20%20%20%20%20%20%20height%3A%200%3B%3Cbr%20%2F%3E%20%20%20%20%20%20%20%20overflow%3A%20hidden%3B%3Cbr%20%2F%3E%20%20%20%20%7D%3Cbr%20%2F%3E%20%20%20%20.google-maps%20iframe%20%7B%3Cbr%20%2F%3E%20%20%20%20%20%20%20%20position%3A%20absolute%3B%3Cbr%20%2F%3E%20%20%20%20%20%20%20%20top%3A%200%3B%3Cbr%20%2F%3E%20%20%20%20%20%20%20%20left%3A%200%3B%3Cbr%20%2F%3E%20%20%20%20%20%20%20%20width%3A%20100%25%20!important%3B%3Cbr%20%2F%3E%20%20%20%20%20%20%20%20height%3A%20100%25%20!important%3B%3Cbr%20%2F%3E%20%20%20%20%7D%3Cbr%20%2F%3E%3C%2Fstyle%3E\" data-mce-resize=\"false\" data-mce-placeholder=\"1\" class=\"mce-object\" width=\"20\" height=\"20\" alt=\"&lt;style&gt;\" title=\"&lt;style&gt;\" \/><\/p>\n<div class=\"google-maps\">\n<p><iframe loading=\"lazy\" style=\"border: 0;\" tabindex=\"0\" src=\"https:\/\/www.google.com\/maps\/embed?pb=!1m18!1m12!1m3!1d189364.24254107216!2d1.25249232640279!3d42.13281595741394!2m3!1f0!2f0!3f0!3m2!1i1024!2i768!4f13.1!3m3!1m2!1s0x0%3A0x0!2zNDLCsDA3JzU4LjEiTiAxwrAyMyczMy4yIkU!5e0!3m2!1ses!2ses!4v1613646447973!5m2!1ses!2ses\" width=\"1200\" height=\"400\" frameborder=\"0\" allowfullscreen=\"allowfullscreen\" aria-hidden=\"false\"><\/iframe><\/p>\n<\/div>\n<p>\n<\/div><\/div>\n","protected":false},"excerpt":{"rendered":"","protected":false},"author":1,"featured_media":0,"parent":0,"menu_order":0,"comment_status":"open","ping_status":"closed","template":"template-full-custom.php","meta":{"footnotes":""},"class_list":["post-1371","page","type-page","status-publish","hentry"],"yoast_head":"<!-- This site is optimized with the Yoast SEO plugin v16.0 - https:\/\/yoast.com\/wordpress\/plugins\/seo\/ -->\n<title>El Sal\u00ed de Cambrils \u00b7 Cambrils (Od\u00e8n), Comarca del Solsones (Lleida)<\/title>\n<meta name=\"description\" content=\"El Sal\u00ed de Cambrils \u00b7 Cambrils (Od\u00e8n), Comarca del Solsones (Lleida) \u00b7 km.20 Carretera L-0401 (25283 Od\u00e8n, Lleida)\" \/>\n<link rel=\"canonical\" href=\"https:\/\/salidecambrils.cat\/es\/localitzacio\/\" \/>\n<meta property=\"og:locale\" content=\"es_ES\" \/>\n<meta property=\"og:type\" content=\"article\" \/>\n<meta property=\"og:title\" content=\"El Sal\u00ed de Cambrils \u00b7 Cambrils (Od\u00e8n), Comarca del Solsones (Lleida)\" \/>\n<meta property=\"og:description\" content=\"El Sal\u00ed de Cambrils \u00b7 Cambrils (Od\u00e8n), Comarca del Solsones (Lleida) \u00b7 km.20 Carretera L-0401 (25283 Od\u00e8n, Lleida)\" \/>\n<meta property=\"og:url\" content=\"https:\/\/salidecambrils.cat\/es\/localitzacio\/\" \/>\n<meta property=\"og:site_name\" content=\"El Sal\u00ed de Cambrils \u00b7 Banya&#039;t amb l&#039;energia dels Pirineus\" \/>\n<meta property=\"article:modified_time\" content=\"2023-07-10T08:21:04+00:00\" \/>\n<meta property=\"og:image\" content=\"\" \/>\n<meta name=\"twitter:card\" content=\"summary_large_image\" \/>\n<meta name=\"twitter:label1\" content=\"Tiempo de lectura\">\n\t<meta name=\"twitter:data1\" content=\"1 minuto\">\n<script type=\"application\/ld+json\" class=\"yoast-schema-graph\">{\"@context\":\"https:\/\/schema.org\",\"@graph\":[{\"@type\":\"WebSite\",\"@id\":\"http:\/\/salidecambrils.cat\/es\/#website\",\"url\":\"http:\/\/salidecambrils.cat\/es\/\",\"name\":\"El Sal\\u00ed de Cambrils \\u00b7 Banya&#039;t amb l&#039;energia dels Pirineus\",\"description\":\"La teva escapada de cap de setmana perfecte, en fam\\u00edlia, amb amics o en parella.\",\"potentialAction\":[{\"@type\":\"SearchAction\",\"target\":\"http:\/\/salidecambrils.cat\/es\/?s={search_term_string}\",\"query-input\":\"required name=search_term_string\"}],\"inLanguage\":\"es\"},{\"@type\":\"ImageObject\",\"@id\":\"https:\/\/salidecambrils.cat\/es\/localitzacio\/#primaryimage\",\"inLanguage\":\"es\",\"url\":\"data:image\/gif;base64,R0lGODlhAQABAIAAAAAAAP\/\/\/yH5BAEAAAAALAAAAAABAAEAAAIBRAA7\"},{\"@type\":\"WebPage\",\"@id\":\"https:\/\/salidecambrils.cat\/es\/localitzacio\/#webpage\",\"url\":\"https:\/\/salidecambrils.cat\/es\/localitzacio\/\",\"name\":\"El Sal\\u00ed de Cambrils \\u00b7 Cambrils (Od\\u00e8n), Comarca del Solsones (Lleida)\",\"isPartOf\":{\"@id\":\"http:\/\/salidecambrils.cat\/es\/#website\"},\"primaryImageOfPage\":{\"@id\":\"https:\/\/salidecambrils.cat\/es\/localitzacio\/#primaryimage\"},\"datePublished\":\"2021-01-22T16:47:36+00:00\",\"dateModified\":\"2023-07-10T08:21:04+00:00\",\"description\":\"El Sal\\u00ed de Cambrils \\u00b7 Cambrils (Od\\u00e8n), Comarca del Solsones (Lleida) \\u00b7 km.20 Carretera L-0401 (25283 Od\\u00e8n, Lleida)\",\"breadcrumb\":{\"@id\":\"https:\/\/salidecambrils.cat\/es\/localitzacio\/#breadcrumb\"},\"inLanguage\":\"es\",\"potentialAction\":[{\"@type\":\"ReadAction\",\"target\":[\"https:\/\/salidecambrils.cat\/es\/localitzacio\/\"]}]},{\"@type\":\"BreadcrumbList\",\"@id\":\"https:\/\/salidecambrils.cat\/es\/localitzacio\/#breadcrumb\",\"itemListElement\":[{\"@type\":\"ListItem\",\"position\":1,\"item\":{\"@type\":\"WebPage\",\"@id\":\"http:\/\/salidecambrils.cat\/es\/\",\"url\":\"http:\/\/salidecambrils.cat\/es\/\",\"name\":\"Portada\"}},{\"@type\":\"ListItem\",\"position\":2,\"item\":{\"@type\":\"WebPage\",\"@id\":\"https:\/\/salidecambrils.cat\/es\/localitzacio\/\",\"url\":\"https:\/\/salidecambrils.cat\/es\/localitzacio\/\",\"name\":\"Localizaci\\u00f3n\"}}]}]}<\/script>\n<!-- \/ Yoast SEO plugin. -->","_links":{"self":[{"href":"https:\/\/salidecambrils.cat\/es\/wp-json\/wp\/v2\/pages\/1371","targetHints":{"allow":["GET"]}}],"collection":[{"href":"https:\/\/salidecambrils.cat\/es\/wp-json\/wp\/v2\/pages"}],"about":[{"href":"https:\/\/salidecambrils.cat\/es\/wp-json\/wp\/v2\/types\/page"}],"author":[{"embeddable":true,"href":"https:\/\/salidecambrils.cat\/es\/wp-json\/wp\/v2\/users\/1"}],"replies":[{"embeddable":true,"href":"https:\/\/salidecambrils.cat\/es\/wp-json\/wp\/v2\/comments?post=1371"}],"version-history":[{"count":5,"href":"https:\/\/salidecambrils.cat\/es\/wp-json\/wp\/v2\/pages\/1371\/revisions"}],"predecessor-version":[{"id":1969,"href":"https:\/\/salidecambrils.cat\/es\/wp-json\/wp\/v2\/pages\/1371\/revisions\/1969"}],"wp:attachment":[{"href":"https:\/\/salidecambrils.cat\/es\/wp-json\/wp\/v2\/media?parent=1371"}],"curies":[{"name":"wp","href":"https:\/\/api.w.org\/{rel}","templated":true}]}}

Localización

<div class="services-wrapper services-icon cols-wrapper cols-4 pexeto-parallax"><div class="services-box col"><div class="img-container"><img decoding="async" src="http://salidecambrils.cat/wp-content/uploads/2021/03/localitzacio_-35-130x130-1-130x130.png" alt="Cambrils (Odèn), Comarca del Solsonès (Lleida)"/></div><div class="services-content"><div class="sc-wraper"><h3>Cambrils (Odèn), Comarca del Solsonès (Lleida)</h3></div></div></div><div class="services-box col"><div class="img-container"><img decoding="async" src="http://salidecambrils.cat/wp-content/uploads/2021/03/localitzacio_-36-130x130-1-130x130.png" alt="km.20 Carretera L-0401 (25283 Odèn, Lleida)"/></div><div class="services-content"><div class="sc-wraper"><h3>km.20 Carretera L-0401 (25283 Odèn, Lleida)</h3></div></div></div><div class="services-box col"><div class="img-container"><img decoding="async" src="http://salidecambrils.cat/wp-content/uploads/2021/03/localitzacio_-34-130x130-1-130x130.png" alt="Coordenadas: 42.132813, 1.392568"/></div><div class="services-content"><div class="sc-wraper"><h3>Coordenadas: 42.132813, 1.392568</h3></div></div></div><div class="services-box col nomargin"><div class="img-container"><img decoding="async" src="http://salidecambrils.cat/wp-content/uploads/2023/07/DiseA±o_sin_tA­tulo-removebg-preview-130x130.png" alt="Indicaciones incorrectas de google "/></div><div class="services-content"><div class="sc-wraper"><h3>Indicaciones incorrectas de google </h3><p>No coger el camino de Cal Bartoló que gira a la derecha ,  continuar por la carretera principal y encontrareis un indicador de las salinas.
El camino de cal Bartolo no es transitable , se puede averiar el coche.</p></div></div></div><div class="clear"></div></div>
<div class="section-full-width section-light2" style="background-color:#fcfcfc;" id="salídecambrils"><div class="section-boxed" style="color:#777777;"><h2 class="section-title" style="color:#252525;">Salí de Cambrils</h2><h4 style="color:#252525;" class="sub-title">Planifica tu escapada</h4></p>
<h5 style="text-align: center;">El núcleo de Cambrils se localiza en el término municipal de Odèn, en el extremo noroccidental de la comarca del Solsones, en la vertiente sur de la Sierra del Port del Comte. Se encuentra a 1.100 m. de altitud y se caracteriza por rodearse de un territorio montañoso con diferentes afluentes de la cabecera de la Ribera Salada, el río de la Plana, la ribera de Odèn y el río de Canalda. El complejo del Salí esta en el km.20 de la carretera L-0401 (25283 Odèn, Lleida) y sus coordenadas para introducir en el navegador GPS del vehículo son: 42.132813, 1.392568</h5>
<p>&nbsp;</p>
<p><img loading="lazy" decoding="async" src="data:image/gif;base64,R0lGODlhAQABAIAAAAAAAP///yH5BAEAAAAALAAAAAABAAEAAAIBRAA7" data-wp-preserve="%3Cstyle%3E%0A%20%20%20%20.google-maps%20%7B%3Cbr%20%2F%3E%20%20%20%20%20%20%20%20position%3A%20relative%3B%3Cbr%20%2F%3E%20%20%20%20%20%20%20%20padding-bottom%3A%2035%25%3B%3Cbr%20%2F%3E%20%20%20%20%20%20%20%20height%3A%200%3B%3Cbr%20%2F%3E%20%20%20%20%20%20%20%20overflow%3A%20hidden%3B%3Cbr%20%2F%3E%20%20%20%20%7D%3Cbr%20%2F%3E%20%20%20%20.google-maps%20iframe%20%7B%3Cbr%20%2F%3E%20%20%20%20%20%20%20%20position%3A%20absolute%3B%3Cbr%20%2F%3E%20%20%20%20%20%20%20%20top%3A%200%3B%3Cbr%20%2F%3E%20%20%20%20%20%20%20%20left%3A%200%3B%3Cbr%20%2F%3E%20%20%20%20%20%20%20%20width%3A%20100%25%20!important%3B%3Cbr%20%2F%3E%20%20%20%20%20%20%20%20height%3A%20100%25%20!important%3B%3Cbr%20%2F%3E%20%20%20%20%7D%3Cbr%20%2F%3E%3C%2Fstyle%3E" data-mce-resize="false" data-mce-placeholder="1" class="mce-object" width="20" height="20" alt="&lt;style&gt;" title="&lt;style&gt;" /></p>
<div class="google-maps">
<p><iframe loading="lazy" style="border: 0;" tabindex="0" src="https://www.google.com/maps/embed?pb=!1m18!1m12!1m3!1d189364.24254107216!2d1.25249232640279!3d42.13281595741394!2m3!1f0!2f0!3f0!3m2!1i1024!2i768!4f13.1!3m3!1m2!1s0x0%3A0x0!2zNDLCsDA3JzU4LjEiTiAxwrAyMyczMy4yIkU!5e0!3m2!1ses!2ses!4v1613646447973!5m2!1ses!2ses" width="1200" height="400" frameborder="0" allowfullscreen="allowfullscreen" aria-hidden="false"></iframe></p>
</div>
<p>
</div></div>

<!-- This site is optimized with the Yoast SEO plugin v16.0 - https://yoast.com/wordpress/plugins/seo/ -->
<title>El Salí de Cambrils · Cambrils (Odèn), Comarca del Solsones (Lleida)</title>
<meta name="description" content="El Salí de Cambrils · Cambrils (Odèn), Comarca del Solsones (Lleida) · km.20 Carretera L-0401 (25283 Odèn, Lleida)" />
<link rel="canonical" href="https://salidecambrils.cat/es/localitzacio/" />
<meta property="og:locale" content="es_ES" />
<meta property="og:type" content="article" />
<meta property="og:title" content="El Salí de Cambrils · Cambrils (Odèn), Comarca del Solsones (Lleida)" />
<meta property="og:description" content="El Salí de Cambrils · Cambrils (Odèn), Comarca del Solsones (Lleida) · km.20 Carretera L-0401 (25283 Odèn, Lleida)" />
<meta property="og:url" content="https://salidecambrils.cat/es/localitzacio/" />
<meta property="og:site_name" content="El Salí de Cambrils · Banya&#039;t amb l&#039;energia dels Pirineus" />
<meta property="article:modified_time" content="2023-07-10T08:21:04+00:00" />
<meta property="og:image" content="" />
<meta name="twitter:card" content="summary_large_image" />
<meta name="twitter:label1" content="Tiempo de lectura">
	<meta name="twitter:data1" content="1 minuto">
<script type="application/ld+json" class="yoast-schema-graph">{"@context":"https://schema.org","@graph":[{"@type":"WebSite","@id":"http://salidecambrils.cat/es/#website","url":"http://salidecambrils.cat/es/","name":"El Sal\u00ed de Cambrils \u00b7 Banya&#039;t amb l&#039;energia dels Pirineus","description":"La teva escapada de cap de setmana perfecte, en fam\u00edlia, amb amics o en parella.","potentialAction":[{"@type":"SearchAction","target":"http://salidecambrils.cat/es/?s={search_term_string}","query-input":"required name=search_term_string"}],"inLanguage":"es"},{"@type":"ImageObject","@id":"https://salidecambrils.cat/es/localitzacio/#primaryimage","inLanguage":"es","url":"data:image/gif;base64,R0lGODlhAQABAIAAAAAAAP///yH5BAEAAAAALAAAAAABAAEAAAIBRAA7"},{"@type":"WebPage","@id":"https://salidecambrils.cat/es/localitzacio/#webpage","url":"https://salidecambrils.cat/es/localitzacio/","name":"El Sal\u00ed de Cambrils \u00b7 Cambrils (Od\u00e8n), Comarca del Solsones (Lleida)","isPartOf":{"@id":"http://salidecambrils.cat/es/#website"},"primaryImageOfPage":{"@id":"https://salidecambrils.cat/es/localitzacio/#primaryimage"},"datePublished":"2021-01-22T16:47:36+00:00","dateModified":"2023-07-10T08:21:04+00:00","description":"El Sal\u00ed de Cambrils \u00b7 Cambrils (Od\u00e8n), Comarca del Solsones (Lleida) \u00b7 km.20 Carretera L-0401 (25283 Od\u00e8n, Lleida)","breadcrumb":{"@id":"https://salidecambrils.cat/es/localitzacio/#breadcrumb"},"inLanguage":"es","potentialAction":[{"@type":"ReadAction","target":["https://salidecambrils.cat/es/localitzacio/"]}]},{"@type":"BreadcrumbList","@id":"https://salidecambrils.cat/es/localitzacio/#breadcrumb","itemListElement":[{"@type":"ListItem","position":1,"item":{"@type":"WebPage","@id":"http://salidecambrils.cat/es/","url":"http://salidecambrils.cat/es/","name":"Portada"}},{"@type":"ListItem","position":2,"item":{"@type":"WebPage","@id":"https://salidecambrils.cat/es/localitzacio/","url":"https://salidecambrils.cat/es/localitzacio/","name":"Localizaci\u00f3n"}}]}]}</script>
<!-- / Yoast SEO plugin. -->
